2*i + 117, 2*i - 3*q = -0*q + 147. List the prime factors of (i + 1)/((-32)/40 + 1).
5, 67
Let i(b) be the second derivative of -b**5/20 - 11*b**4/12 - 11*b**3/6 - 15*b**2/2 - 31*b. List the prime factors of i(-12).
3, 29
Let k(n) = n**2 + 10*n + 2. Let q be k(-11). Let p(g) = 19*g - 54. Let c be p(q). Suppose -c = -2*m + x, 5*m = -4*x + 7*x + 485. List the prime factors of m.
2, 47
Let f(o) be the third derivative of -o**6/120 + 7*o**5/10 + 125*o**4/24 + 44*o**3/3 + 110*o**2. What are the prime factors of f(44)?
2, 3, 11, 13
Let v(l) = 1243*l - 640. List the prime factors of v(7).
3, 2687
Suppose 78*v - 77*v = -2*c + 13708, -c = 3*v - 6869. What are the prime factors of c?
13, 17, 31
Let a(i) = 6*i**3 - i**2 + 11. Let l(g) = -g**2 - 18*g - 69. Let x be l(-12). List the prime factors of a(x).
2, 41
What are the prime factors of 16 + -16*(-229 + -12)?
2, 11
Let n be (2/(-4) - 26/(-4)) + -4. Suppose t - 267 = 5*o, -2*t - 3*o + 549 = n*o. What are the prime factors of t?
2, 17
Let z = 1514 - 1053. List the prime factors of z.
461
Let l(v) = 4*v**2 - 9*v + 58. Let h(c) = -c**3 - 13*c**2 + 14*c + 13. Let a be h(-14). What are the prime factors of l(a)?
617
What are the prime factors of (13 + 1338/12)/(9/354)?
59, 83
Suppose -19 - 17 = -3*u. Suppose u*d - 2712 = 504. List the prime factors of d.
2, 67
Let r(j) = -987*j + 14. List the prime factors of r(-3).
5, 7, 17
Suppose -14*f - 17804 = 7158. Let m = f + 2680. What are the prime factors of m?
3, 13, 23
Suppose 0 = 8*z - 6 - 26. Suppose p + 1159 = 4*d, 66 = 3*d + z*p - 827. List the prime factors of d.
3, 97
Suppose h - 3*h - 2350 = 0. Let y be h/(-5) - (1 + 2). Suppose 85 = -4*b - o + y, 5*o = -b + 13. List the prime factors of b.
2, 19
Let f(b) be the third derivative of -b**5/60 - b**4/6 + 2*b**3/3 - 271*b**2. Suppose 2*m = 2, m + 1 - 12 = 5*u. List the prime factors of f(u).
2
Let w(t) = -126*t**2 - 7 + 12 + 141*t**2 - 11*t. List the prime factors of w(-7).
19, 43
Let s(x) = x**2 - 123*x + 926. Let v be s(8). Let a(w) = 0*w**3 - w**3 + 5*w + 1 + 10*w**2 - 3*w. What are the prime factors of a(v)?
157
Let w be 0/(2/(4 - 4 - -1)). Suppose w = -3*j - 3, j = 4*u + 7. What are the prime factors of (232 - (-8)/u) + -1?
227
What are the prime factors of 960/48 - (-138660)/5?
2, 3469
Suppose 25*a - 83*a + 3762006 = 155*a. What are the prime factors of a?
2, 8831
Suppose -5*r + 3*g + 86 = 0, 4*g = -r + 9 + 22. List the prime factors of (1085 - r) + 2 + 2.
2, 5, 107
Let k = -1234 + 50418. List the prime factors of k.
2, 29, 53
Suppose -2*c + 10884 = -4*b, 0 = 2*c - b - 0*b - 10896. List the prime factors of c.
2, 5, 109
Let l = 27 - 23. Let r(j) = 54*j**2 - 38*j + 170. What are the prime factors of r(l)?
2, 3, 7
Suppose -8*r - 24 = -12*r. Suppose -29*x = -26*x - r. List the prime factors of (6 - 5 - -137)/(x/2).
2, 3, 23
Let u(f) = 3*f**2 + f + 1055. Let r = 151 + -151. List the prime factors of u(r).
5, 211
Let k(h) = 22*h + 18. Let l be k(-3). Let i = l + 129. What are the prime factors of i?
3
Suppose 204*l = 206*l - 2*h - 51390, 0 = h + 3. List the prime factors of l.
2, 3, 2141
Suppose 33*b + 5048032 = 190*b - 4835118. List the prime factors of b.
2, 5, 1259
Let c(i) = i**3 + 18*i**2 + 4*i - 3. Let j be c(-19). What are the prime factors of (-20)/3*65472/j?
2, 31
Suppose -6*z - 640 = -4*z. Let l be z/(-100) + 1/(-5). Suppose -55 = -l*x - 13. What are the prime factors of x?
2, 7
Suppose 0 = 26*m - 24 - 28. Suppose -3*x + 6*x = 6, m*r + x = 436. What are the prime factors of r?
7, 31
Let a(l) = -339*l - 2896. List the prime factors of a(-29).
5, 19, 73
Let v = -2834 + 11105. What are the prime factors of v?
3, 919
Let k = -664 + 945. Let f = 585 - k. Suppose -4*x = -t - f, -5*x - 4*t + 292 + 88 = 0. List the prime factors of x.
2, 19
Let b be 2*(-3 - (-3)/6). Let r be ((-256)/(-18) - (-22)/(-99)) + -8. List the prime factors of r/b*(-2 - (-396)/(-27)).
2, 5
Suppose 0 = 3*v - 28*v + 116318 + 586807. List the prime factors of v.
3, 5
Suppose 5*x = -5*y + 189475, 4*x - 9*y = -6*y + 151608. What are the prime factors of x?
3, 4211
Suppose -m - 28*f = -27*f - 1122, -2*m + 2234 = -3*f. List the prime factors of m.
2, 5, 7
Suppose -9417*y + 35901 = -9408*y. List the prime factors of y.
3989
Suppose 5*h - 37*l + 38*l = 121591, -3*h = -5*l - 72949. List the prime factors of h.
2, 3, 7, 193
Let g = 13332 - 5201. What are the prime factors of g?
47, 173
What are the prime factors of ((-165)/(-22) - 14)/(2/(-496))?
2, 13, 31
What are the prime factors of (4 - 64/12)/((-4)/6834)?
2, 17, 67
Let h = -68729 - -133253. What are the prime factors of h?
2, 3, 19, 283
Suppose -30*h - 1585 = -73225. What are the prime factors of h/26 - (-3 + 222/78)?
2, 23
Let h = -41372 - -76578. List the prime factors of h.
2, 29, 607
Let i = -11095 - -30894. What are the prime factors of i?
13, 1523
Let m = 56 - -164. Suppose 70*j - 75*j = -m. Suppose -j - 156 = -4*o. What are the prime factors of o?
2, 5
List the prime factors of 294/(-1029) - (13344/(-7) - -2).
2, 7, 17
Let j be 12/((-24)/4) + 26. List the prime factors of j/(-8) - 3 - -910.
2, 113
Let o(g) = 2*g**3 - 17*g**2 - 6*g - 24. Let q be o(9). Suppose -3*c + p = -89, c - 2*p = q*p + 53. Let s = 145 - c. What are the prime factors of s?
3, 13
Let a(u) = 25*u**3 + 26*u + 10. What are the prime factors of a(7)?
11, 797
Suppose -3*x = 2*d + 20, -4*d - 32 = x + 3*x. Let m(z) = -1 + 0*z - 5*z + 2*z. What are the prime factors of m(d)?
11
Let l(n) = 280*n + 15. Let u(q) = 841*q + 43. Let z(t) = -7*l(t) + 2*u(t). What are the prime factors of z(-4)?
1093
Suppose -3*p + 4*s + 63 = 0, s = -2*p - s + 28. Suppose 0 = -4*a - 13 + p. List the prime factors of (a - -53) + (-3 - (-7 - -3)).
5, 11
Suppose 62*l + 27*l - 220543 + 8634 = 0. List the prime factors of l.
2381
Let m = 10077 + -121. List the prime factors of m.
2, 19, 131
Suppose 0*p + 5*p + 5*b = 95, 82 = 4*p + 2*b. Let a = p - 17. What are the prime factors of (-2)/(1 - a/((-20)/(-8)))?
2
Suppose 2*f + 24*f - 121239 = -45943. List the prime factors of f.
2, 181
Let k = 4857 - 477. What are the prime factors of k?
2, 3, 5, 73
Let r(y) = -5*y - 68. Let w be r(-16). Suppose x = -4*d + 330, -w*d = -3*x - 11*d + 1029. List the prime factors of x.
2, 3, 19
Let c = 1011 + -1022. Let n(o) = -76*o + 118. What are the prime factors of n(c)?
2, 3, 53
Suppose 70 = -u + 2*u. Suppose -u = -3*h + 431. Let z = h + -35. What are the prime factors of z?
2, 3, 11
Let r(s) = 3*s + 18. Let q be r(-8). Let o(f) = 14*f - 10. Let c(m) = 15*m - 9. Let g(t) = 4*c(t) - 5*o(t). What are the prime factors of g(q)?
2, 37
Let a = -213934 - -309248. What are the prime factors of a?
2, 47657
Suppose 2*n - r = 2*r + 24, -2*n = -5*r - 28. Let p be (-1)/3 - (-633)/n. Let v = 72 - p. What are the prime factors of v?
2
Suppose -37*t + 4*t + 1419 = 0. Suppose -59*u = -t*u - 1232. List the prime factors of u.
7, 11
Suppose 378 + 337 = 11*r. Let t(k) = k**3 - 5*k**2 - 3*k - 7. Let l be t(7). Let u = l + r. List the prime factors of u.
3, 5
Let v = -82 + 83. Let i(w) = 42*w + 14. Let a(j) = j. Let m(d) = v*i(d) + 4*a(d). List the prime factors of m(6).
2, 5, 29
Let o(b) be the third derivative of -b**5/60 + 913*b**3/3 + 294*b**2. List the prime factors of o(0).
2, 11, 83
Let h(w) = 15*w**3 + 21*w**2 - 97*w - 45. What are the prime factors of h(14)?
73, 601
Let q be (-7)/4 - -2 - 11879/(-4). Suppose 12*w + q = 23*w. What are the prime factors of w?
2, 3, 5
Let b(p) = 10*p - 18. Suppose -4*o - 4*x + 24 = 0, 3*o + 5*x = -0*x + 26. List the prime factors of b(o).
2
Suppose -3*h - 233 = -5*x, 192 = 4*x + 33*h - 34*h. Suppose 5*i = 64 - x, -1146 = -d + i. List the prime factors of d.
3, 383
Let x be (-22)/44*18*631/(-1). Suppose -2561 = -10*h + x. List the prime factors of h.
2, 103
Suppose -18*a + 124 = -54560. What are the prime factors of (-15)/10 - (-2 - a/4)?
2, 5, 19
Let h be (4/12 + (-50)/6)/(-2). Suppose -3*u - 846 = -3*b, 15 = -u - h*u. Suppose 4*f = b + 309. List the prime factors of f.
3, 7
Suppose 12*k + 1 = 1. What are the prime factors of (-1 + k)/(48/(-31344))?
653
Let i(x) = -93*x - 27. Let a be i(-3). Let r = a - -216. List the prime factors of r.
2, 3, 13
Suppose 5*q - 21 = -5*u + u, 0 = -4*q + 3*u - 8. What are the prime factors of (20/30)/(q/96)?
2
Le